m**3 - 2 - m**3. Is 8 a factor of t(n)?
True
Let n(a) = -a + 24. Let u be n(21). Suppose 4*m - 34 = -2*x + 7*m, -3*m - 54 = -u*x. Does 3 divide x?
False
Let o(q) = -5*q - 3. Let j be o(-1). Suppose 0 = 5*v - n - 523, 7*n + 410 = 4*v + j*n. Does 15 divide v?
True
Let n be (-20)/(-30) - (-1 - 2/6). Suppose 3*f - 144 = -s - 46, -n*f + 56 = -4*s. Is f a multiple of 4?
True
Suppose -w = -3 - 1. Suppose -5*q + 31 = -w. Is q a multiple of 3?
False
Let u = -15 + 27. Suppose u*k - 9*k - 432 = 0. Is 26 a factor of k?
False
Does 43 divide 22/(-4)*54/(-99) + 835?
False
Let d = 131 - 29. Is 36 a factor of d?
False
Let a = -709 - -1514. Is a a multiple of 7?
True
Let o be 2/(0 - (0 - 2)). Let p be o/(-2) + (-50)/(-4). Does 3 divide (-3)/(-2 - (-20)/p)?
True
Let i(g) = g + 2. Let z be i(-3). Is 46 a factor of z/((-5)/265)*1?
False
Let s(q) = q**2 - 14*q + 17. Suppose -38 = -2*r + 4*c, 5*r = 4*c + 100 - 23. Let g be s(r). Suppose -b + 28 + 25 = -g*h, 4 = h. Is b a multiple of 14?
False
Suppose 76 = 2*r - 68. Let h = r + -42. Does 8 divide 1 - -1*h/2?
True
Let l be (-40)/(-12) - (-6)/9. Suppose -l*q + q = -180. Is 10 a factor of q?
True
Let z(i) = 3*i**2 + 98*i + 44. Does 44 divide z(22)?
True
Let z(c) = 5*c - 3 - 24*c**2 + 29*c**2 - c**3 + 6. Is 13 a factor of z(5)?
False
Let w(z) = 4*z + 7. Let d(p) = -p. Let v(j) = -3*d(j) - w(j). Let i be v(-7). Let q = i - -37. Is 29 a factor of q?
False
Let u = -375 - -194. Let o = -72 - u. Is o a multiple of 5?
False
Suppose 0 = -21*c + 16*c + 650. Is c a multiple of 13?
True
Suppose 291 = u - 2*v - 410, u + 5*v = 673. Is u a multiple of 15?
False
Suppose -q - 3460 = -5*f, 1938 = 5*f - 3*q - 1532. Let g = f + -494. Is 12 a factor of g?
False
Let g(k) = -11 + 1 + 16*k - 3*k - 2. Is 47 a factor of g(19)?
True
Let n = 1205 - 905. Does 50 divide n?
True
Suppose -3*m + 2*u + 1000 = 0, -m - 2*u = -0*u - 328. Is m a multiple of 4?
True
Suppose 10*n = 879 + 1031. Is n a multiple of 7?
False
Suppose 0 = 3*k - 5 + 23. Let x(a) = -a**3 - 7*a**2 - 6*a + 8. Is x(k) a multiple of 4?
True
Let s(c) = -c**2 - 13*c - 16. Let p be s(-11). Let v be 1*1*(1 - p). Let g(l) = -3*l - 5. Is 10 a factor of g(v)?
True
Let q = 32 + -37. Is 4 a factor of 112/20 - ((-3)/q - 1)?
False
Let g = -103 - -319. Is g a multiple of 8?
True
Suppose 1547 = 4*f - 993. Does 40 divide f?
False
Let m(w) = w**2 + 5*w - 6. Let k be ((-5)/(-3))/(15/54). Suppose 2*c = -d + 13, -k*d + 2*d + 17 = c. Does 6 divide m(c)?
False
Let i(a) = 16*a + 2. Suppose 14 = -r - 2*m, 0 = -4*r + 5*m - 7 - 36. Let f = 14 + r. Does 17 divide i(f)?
True
Suppose -5*g + 16561 = -0*g - 3*n, 6613 = 2*g - 5*n. Is 54 a factor of g?
False
Let a be ((-27)/7 - -3)/((-4)/14). Suppose 4*u - 67 = a*s + 70, u + s = 29. Is u a multiple of 3?
False
Let h = 65 - 31. Suppose 0 = -29*y + 30*y - h. Is y a multiple of 9?
False
Let p = 832 - 18. Is p a multiple of 35?
False
Suppose 1086*k - 60896 = 1070*k. Is 17 a factor of k?
False
Let s(b) = 3*b**2 - 5*b + 12. Let c be s(-5). Let t = c - 43. Is t a multiple of 23?
True
Let d be -4 + (4 - 1) + -14. Let b(s) = s**2 + 15*s. Let k be b(d). Suppose k = -4*v + 145 + 23. Is 10 a factor of v?
False
Let n(r) = 4*r + 6. Let k be n(-1). Suppose -w - 94 = -4*d, -3*w = -3*d - k*d + 121. Is d a multiple of 6?
False
Let i(p) = -14*p**3 + p**2 - 3. Let j be i(-3). Suppose -2*b + b + 130 = -t, 0 = 3*b + 3*t - j. Is 13 a factor of b?
False
Let o be 0 + 3 + (5 - 36). Let q = o - -32. Suppose -q*s = 12 - 136. Does 12 divide s?
False
Suppose 2*a = z - 279, 63*a - 59*a - 1152 = -4*z. Does 22 divide z?
False
Let u(c) = 3*c - 18. Let h be (-267)/(-24) + 1/(-8). Let v be u(h). Suppose -v - 61 = -4*p. Is p a multiple of 3?
False
Is (-17)/3*-27*2 a multiple of 17?
True
Suppose 2*w + 6 = 12. Suppose 0 = -3*z + 4*t + 27, -w*z + 0*t + 54 = 5*t. Is z a multiple of 4?
False
Suppose -15*h + 16116 - 5391 = 0. Does 65 divide h?
True
Let t = -111 + 113. Suppose -12*v = q - 7*v - 234, -2*v = -t*q + 528. Is q a multiple of 24?
False
Suppose 2*y + 242 = -0*y. Let r = -70 - y. Does 17 divide r?
True
Suppose b = -5*f + 18, 5*f = 4*b - 0*b + 3. Suppose -3*u + f*t = -u - 127, -57 = -u - 5*t. Does 31 divide u?
True
Suppose 233 = -0*o + o. Suppose o = 4*z - 11. Let r = z + 9. Does 14 divide r?
True
Suppose -12 = -3*d - 0. Suppose -d*p - 2*a = 16, p - 26 = 2*p - 5*a. Let i(b) = -3*b - 12. Is i(p) a multiple of 6?
True
Does 3 divide (3075/(-18))/(-5) + (-3)/18?
False
Suppose -1527 - 8490 = -9*i. Is i a multiple of 13?
False
Let i = 8 + -6. Let h(t) = t + 30. Let a(r) = -r - 14. Let y(n) = -13*a(n) - 6*h(n). Is 5 a factor of y(i)?
False
Is (6912/54)/((-2)/(-8)) a multiple of 32?
True
Let r = 500 - -443. Is 23 a factor of r?
True
Let b(v) = 49*v**2 - v - 1. Let s be b(-1). Suppose -s - 21 = -2*p. Let a = -7 + p. Is 7 a factor of a?
True
Let m = 227 + -98. Suppose -2*o + 5*t - m = -5*o, -4*o = 2*t - 172. Is o a multiple of 8?
False
Is 39 a factor of 2*(2 - (-224 - 8))?
True
Let y(c) = -4*c**2 - 15*c + 10. Let f be y(-5). Let n(i) = -2*i + 53. Does 5 divide n(f)?
False
Let z(g) = -g + 16. Let w be z(12). Suppose w*p - 66 = p. Does 8 divide p?
False
Let k be 0 - -134*4/8. Let i = k - -29. Let f = 140 - i. Does 8 divide f?
False
Let l = 9 - 9. Suppose 2*j + 2*j = -4*c + 32, 4*c - 16 = l. Suppose 4 = j*h - 24. Is h even?
False
Suppose -4*c + 563 = -877. Is 15 a factor of c?
True
Let n = 23 + -16. Suppose -n*z - 22 = -99. Does 5 divide z?
False
Let n(a) = -208*a + 2. Is 30 a factor of n(-1)?
True
Suppose 2*a = -2*t - 4, -7 + 6 = 5*a + 2*t. Let o(m) = 5*m. Is o(a) a multiple of 5?
True
Let a = 14 + -11. Suppose -384 = -5*y - a*y. Is y a multiple of 16?
True
Suppose 3*n = -c + 5 + 11, 4*n - 21 = -c. Suppose -7*p + n*p = -10. Is 4/((-8)/p)*-2 a multiple of 3?
False
Let i = -86 + 98. Is 3 a factor of i?
True
Let i(n) = -n**3 - n + 88. Let o = 4 + -4. Is i(o) a multiple of 22?
True
Let x(o) = 6*o + 26 + 38 - 37. Does 21 divide x(6)?
True
Let t be ((-18)/12)/(6/(-64)). Suppose -t = -o - o. Is -2*(-12)/o - -33 a multiple of 9?
True
Suppose -9*n + 401 - 104 = 0. Is (7/((-105)/72))/(n/(-220)) a multiple of 8?
True
Let t(a) = -5*a**2 + a**2 + 2 + 0*a**2 + 6*a**3. Let d(g) = -g**2. Let v(k) = -4*d(k) + t(k). Is v(2) a multiple of 17?
False
Let j(r) = r**3 - 4*r**2 - 4*r - 1. Let s be j(5). Let y(f) = 7 - f - s - f. Is 7 a factor of y(-6)?
False
Let t = 165 + -161. Let q(d) be the third derivative of d**5/20 + d**4/6 + 2*d**3/3 + d**2. Is q(t) a multiple of 13?
False
Suppose 951*q = 945*q + 2754. Does 51 divide q?
True
Suppose -1157 = -26*l + 13*l. Is 15 a factor of l?
False
Let s(l) = 3*l**2 + 47*l - 378. Is 10 a factor of s(8)?
True
Let v(f) = -161*f**3 - f. Let z be -1*(-77)/(-63) + (-4)/(-18). Is 6 a factor of v(z)?
True
Let o(i) = -3*i**2 - 10*i - 24. Let q be o(-5). Let a = 3 - q. Is a a multiple of 13?
True
Does 18 divide (315/28)/((-105)/(-9576))?
True
Let a(d) be the third derivative of 1/3*d**4 + 9*d**2 + 0 + 0*d - 1/3*d**3. Is 14 a factor of a(3)?
False
Let f = -383 - -922. Is f a multiple of 11?
True
Is (-363)/3*(8 + -12)/4 a multiple of 30?
False
Suppose 4*j = 2*a - 4314, -5*j + 8602 = 3*a + a. Does 28 divide a?
False
Suppose 0*g = 4*k - 4*g - 4, 2*k + g = -1. Suppose -x + 0*d = -2*d - 53, 5*d + 20 = k. Does 15 divide x?
True
Let s(t) = -6 + 7 - 1 + 6 + 14*t. Is s(6) a multiple of 15?
True
Suppose m - 9 = 4*m, -5*g - 3*m - 149 = 0. Suppose -4*w = 3*v - 141, -5*v + 235 = 3*w + w. Let i = g + v. Is 6 a factor of i?
False
Let z be (-9)/18 - 1/2. Let k = z + 5. Is k/((-38)/(-36) - 1) a multiple of 18?
True
Let s(h) = 19*h**3 - 4*h**2 + 17*h - 8. Does 14 divide s(3)?
False
Let z(r) = 2*r**3 - 4*r**2 + 3*r - 2. Suppose i - 16 = -13. Is z(i) a multiple of 6?
False
Suppose 2*j + 6*d = 2*d + 1266, j - 2*d - 617 = 0. Is 25 a factor of j?
True
Let u be 3/(-15) + 48/15. Let l(f) = 5*f + u*f**2 + 4*f - 7 - 3*f. Does 11 divide l(-5)?
False
Suppose 0 = 2*f - 5*f + 90. Let g = f + -30. Suppose g = -30*r + 27*r + 69. Is 3 a factor of r?
False
Does 20 divide (-111)/444 - 18369/(-4)?
False
Suppose -f = 2*u - 1693, -2*u + 27*f + 1698 = 23*f. Does 11 divide u?
True
Suppose -u + 0*j + 4*j = -144, 0 = 4*u - 2*j - 646. Is u a multiple of 4?
True
Let b = -88 - -67. Is -1 - (-1)/6*b*-22 a multiple of 7?
False
Let y(w) = 10*w. Suppos